*b - 14385. List the prime factors of b.
7, 137
Let c = -37 - -604. List the prime factors of c.
3, 7
Let b(w) = -111*w - 4. What are the prime factors of b(-6)?
2, 331
Let c(v) = -16*v**3 - v - 2. Let d be c(-1). Let s = d - -100. List the prime factors of s.
5, 23
Suppose 0 = 4*b - 16, -2*b = -3*u + 6 + 10. Let q(i) = i**3 - 11 - 3*i - 1 + 0*i**3 + u*i**2. List the prime factors of q(-8).
2, 3
Let v(d) be the third derivative of -4*d**2 + 0*d + 0 - 1/24*d**4 + 5/3*d**3. List the prime factors of v(0).
2, 5
Let q be 591/8 - (-7)/56. Let n = q + -4. List the prime factors of n.
2, 5, 7
Suppose -12*h = -9*h - 75. Suppose 5*i + 3*w - 75 = -h, w = -5*i + 40. List the prime factors of i.
7
Let d be (-32)/10*(3 + (-22)/4). What are the prime factors of (d + -1)/(13/117) - -1?
2
Let a(m) = 16*m**3 - 3*m**2 + 25*m - 114. What are the prime factors of a(6)?
2, 3, 47
Let y = -187 - -1590. List the prime factors of y.
23, 61
Suppose -8*i + 3130 + 1526 = 0. What are the prime factors of i?
2, 3, 97
Let h(c) = -9*c**3 - 3*c**2 - c - 5. List the prime factors of h(-3).
2, 107
Let n = 73 + -62. Let k(t) = -t**3 + 13*t**2 - 20*t + 14. What are the prime factors of k(n)?
2, 3
Let w(x) = 4 + 4 - 5 - 1 - x. Let j be w(4). List the prime factors of (j/4)/(8/(-112)).
7
Suppose 4*f + 392 = -3*f. Let q = f - -141. What are the prime factors of q?
5, 17
Let l = 1692 + -1123. What are the prime factors of l?
569
Let k = 10 + -9. Let f be ((1 + -1)*1)/k. Suppose f*i - 3*i = -69. List the prime factors of i.
23
Let q = 400 - -189. List the prime factors of q.
19, 31
Suppose o + 129 - 1860 = 0. What are the prime factors of o?
3, 577
Let y(t) = 91*t**2 - t. Let l be y(-1). Let c be (-10)/8 + 884/16. Let u = l - c. List the prime factors of u.
2, 19
Suppose 0 = 4*i - 3*f - 72, 0 = -3*i + 4*i - f - 17. Let x = i + 72. What are the prime factors of x?
3, 31
Suppose -12 = 4*n - 0. Let t(j) = -j**3 + 4*j**2 + 2*j + 4. Let i be t(n). Suppose 3*g - i - 41 = 0. What are the prime factors of g?
2, 17
Let q be (-4)/(-1) + -10 + -7. Let v = 8 - q. What are the prime factors of v?
3, 7
Suppose -5*a = 3*f + 40, 3*a - 8*a + 2*f - 40 = 0. List the prime factors of (64/12)/(a/(-156)).
2, 13
Suppose 2*q + 16 = -4*j, 3*j + q + 14 = -q. List the prime factors of 132/(-15)*5/j.
2, 11
Suppose -332*a + 339*a = 12880. List the prime factors of a.
2, 5, 23
Let k = 1013 - 560. What are the prime factors of k?
3, 151
Suppose 3*r + 4*t = -2 - 2, 0 = -4*t - 16. Suppose 10 + 10 = r*s. Suppose -s*v = -2*v - 57. What are the prime factors of v?
19
Let p be ((-10)/(-6))/(19/57). List the prime factors of 2 - (0 - 90)/p.
2, 5
Suppose -23*y - 6 = -25*y. Suppose y*o - 42 = o. What are the prime factors of o?
3, 7
Let t(n) = 2 - 13*n**3 + 14*n**3 + 6*n**2 + 0 + n - 3*n. Let m be t(-6). What are the prime factors of (-8)/(-6)*399/m?
2, 19
Suppose -4*p - 3*n + 85 = 0, -3*p + 2*n - 4*n = -64. Let x be (p/(-4)*-4)/2. Let g = 39 + x. What are the prime factors of g?
2, 5
Let s be 0 + (-1 - (1 - 19)). Suppose -16*n = -s*n + 60. What are the prime factors of n?
2, 3, 5
Let g(x) = -133*x + 8. List the prime factors of g(-1).
3, 47
Let p(f) = -3*f**2 - 3*f - 8. Let a be p(-7). Let r = a - -274. List the prime factors of r.
2, 5, 7
Let c = -244 - -506. List the prime factors of c.
2, 131
Suppose -10*k + 5*k = 85. Let v = 14 + k. Let w(z) = -15*z - 5. List the prime factors of w(v).
2, 5
Let b(x) = x - 6. Let u be b(5). Let t(l) = -l + 1. Let a be t(u). Let z = a - -15. What are the prime factors of z?
17
Let f(o) = -3*o**3 - 10*o**2 + 6*o + 20. What are the prime factors of f(-7)?
11, 47
Suppose -4*a - 3 = -103. Suppose -2*b - a = k, 0*k + 3*b + 26 = -k. Let i = -1 - k. What are the prime factors of i?
2, 11
Let h = -3 + 7. What are the prime factors of (42/15)/(h/20)?
2, 7
Let d = 44 - 80. What are the prime factors of (d/30)/(6/(-405))?
3
Suppose 2*r = 5*f - 2*r - 282, 4*f - 4*r = 228. Suppose s + 5 = -2*q + f, -5*s + 2*q + 221 = 0. What are the prime factors of s?
3, 5
Let f = 24 + -13. Let c = -9 + f. Suppose 3*z = -o + 13, 0 = -z - o - c + 7. List the prime factors of z.
2
List the prime factors of (404 + 17)/((2 + 0)/2).
421
Let p(b) = -3*b**2 - 11*b + 44. Let y(n) = 8*n**2 + 34*n - 132. Let k(t) = -11*p(t) - 4*y(t). What are the prime factors of k(20)?
2, 3
Suppose 0 = -5*i + 988 + 1402. What are the prime factors of i?
2, 239
Suppose -4*t - 10 = -2*r, -r + 3 = t + 1. Suppose r*b = 8*b - 250. List the prime factors of b.
2, 5
Let d(t) = -t**3 - 7*t**2 + 7*t - 5. Let q be d(-8). What are the prime factors of ((-30)/q)/(0 - 2)?
5
Let u(q) be the third derivative of -q**6/120 - q**5/12 + q**4/6 - q**3 + 13*q**2. Let c be 2/6 - (-19)/(-3). What are the prime factors of u(c)?
2, 3
What are the prime factors of (14/(-1))/((-3964)/(-496) + -8)?
2, 7, 31
Suppose -b = -2*b - 10. Let w(s) = -s**2 - 10*s + 8. What are the prime factors of w(b)?
2
Let d(y) = y + 4. Let t be d(3). Let c(l) = 5*l**2 + 2*l + 23. Let f(n) = -9*n**2 - 3*n - 45. Let v(q) = 11*c(q) + 6*f(q). List the prime factors of v(t).
2, 3, 5
Let b be (-11)/(-3) + (-14)/21. Suppose -3 = -b*p + 6. Suppose n = -3*l + 18, -74 = -6*n + p*n - 4*l. List the prime factors of n.
2, 3, 5
Suppose 2*q = -3*h + 7*q + 833, 5*h + 4*q = 1376. What are the prime factors of h?
2, 3, 23
Suppose 3*o - 4*l = -426, l + 952 = -4*o + 384. Let f = o + 199. What are the prime factors of f?
3, 19
Suppose -p = 0, 2*x + 55*p - 1440 = 54*p. What are the prime factors of x?
2, 3, 5
Suppose -2*t = -12*t + 7320. Suppose t + 1348 = 8*p. What are the prime factors of p?
2, 5, 13
Suppose 0*r = 7*r. List the prime factors of (-6 + r)*((-70)/4 + -2).
3, 13
Let a = 332 - 192. What are the prime factors of a?
2, 5, 7
Let h(g) = -g + 33. Let j = -21 + 11. What are the prime factors of h(j)?
43
Let b = -1062 + 675. Let z = -248 - b. What are the prime factors of z?
139
Let j(v) = 0*v**2 + v**2 + 0*v**2 + 14*v - 3*v**2 + 4. What are the prime factors of j(6)?
2
Suppose q = 3*c - 13, -25 + 9 = 4*q. Let r(o) = 8*o**2 + 5*o - 4. What are the prime factors of r(c)?
83
Let d be 1508 + 4*(-2 - -3). Suppose -4*v - d = -11*v. What are the prime factors of v?
2, 3
List the prime factors of 9/(-54)*0 + 1776.
2, 3, 37
What are the prime factors of 11074/2 + (48 - 26) + -22?
7, 113
Suppose -d = 1 - 4. Let f be (4/d)/((-12)/(-54)). Suppose 2*g - 19 = 3*h - 0*h, 2*h = -f. List the prime factors of g.
5
Let g be (1044/(-15))/(12/(-40)). Suppose -49 = -4*y - n + g, -3*y = -2*n - 208. Suppose 2*r - y = 4*w, w - 3 = -4. List the prime factors of r.
3, 11
Suppose 46088 + 126812 = 76*i. List the prime factors of i.
5, 7, 13
Let a(n) = -n**3 + 4*n**2 + 7. Let s be a(5). Let x = s - -35. What are the prime factors of x?
17
Let u(h) = 16*h**2 + h - 2. Let k = 2 + -4. Let w be (k*(2 - 3))/2. What are the prime factors of u(w)?
3, 5
Let u(q) be the second derivative of q**5/20 + q**4/3 + 2*q**3/3 + 3*q**2/2 - 6*q. Let p be u(-2). Suppose 8*m = p*m + 160. List the prime factors of m.
2
Let q(k) = 115*k - 104. What are the prime factors of q(11)?
3, 43
Let t be 89*(-4 + -4 + 7). Let x = -62 - t. What are the prime factors of x?
3
Let j = -3 - -23. Let n = 61 - j. What are the prime factors of n?
41
Let q = -451 - -636. Let s = q + -87. What are the prime factors of s?
2, 7
Suppose 5*o - 10 = -0*o. Suppose -o*w + c + 81 + 114 = 0, 2*w + c = 197. What are the prime factors of w?
2, 7
Let z be (-2)/((-3 - -6)/(-3)). Suppose z*m - 6 = 58. Suppose 4*h - c - 140 = -3*c, h - m = c. List the prime factors of h.
2, 17
Let c be 732/((-36)/60 + 1 + 0). Suppose 0 = -7*t + 214 + c. What are the prime factors of t?
2, 73
Let a(g) = g + 8. Let d be a(6). Let m = d + 3. List the prime factors of m.
17
Suppose 4*v - 832 = 2*w, 0*w = -v - 3*w + 194. Suppose -l + 5*x = -52, -x - 66 + v = 3*l. List the prime factors of l.
47
Let s be ((-4)/(-10))/((-18)/(-90)). Suppose -5*b + b = s*n - 364, -5*n - 455 = -5*b. What are the prime factors of b?
7, 13
Suppose -9*a - 8325 = -14*a - 2*w, 3309 = 2*a + 5*w. What are the prime factors of a?
1667
Suppose -6*k + 15*k = 1620. List the prime factors of k.
2, 3, 5
What are the prime factors of 4/((-5)/(-55)*1/23)?
2, 11, 23
Suppose 15144 = 30*b - 11736. What are the prime factors of b?
2, 7
Suppose -7